{"id":202,"date":"2013-04-24T12:59:52","date_gmt":"2013-04-24T10:59:52","guid":{"rendered":"http:\/\/future-mobility-camp.de\/?page_id=202"},"modified":"2013-04-24T13:00:26","modified_gmt":"2013-04-24T11:00:26","slug":"newsletter","status":"publish","type":"page","link":"https:\/\/future-mobility-camp.de\/dresden13\/was-ist-ein-hybridbarcamp\/newsletter\/","title":{"rendered":"Newsletter"},"content":{"rendered":"<p>Einmal anmelden und immer auf dem Laufenden bleiben! Sie erhalten Benachrichtigungen, wenn ein neues Future Mobility Camp geplant ist, die Anmeldung beginnt und andere wichtige Ereignisse stattfinden!<\/p>\n<link href=\"http:\/\/cdn-images.mailchimp.com\/embedcode\/classic-081711.css\" rel=\"stylesheet\" type=\"text\/css\">\n<style type=\"text\/css\">\n\t#mc_embed_signup{background:#fff; clear:left; font:14px Helvetica,Arial,sans-serif;  width:580px;}\n\t\/* Add your own MailChimp form style overrides in your site stylesheet or in this style block.\n\t   We recommend moving this block and the preceding CSS link to the HEAD of your HTML file. *\/\n<\/style>\n<div id=\"mc_embed_signup\">\n<form action=\"http:\/\/zukunft-mobilitaet.us2.list-manage.com\/subscribe\/post?u=26b9718bb0a89faea3fb262df&amp;id=b775a73256\" method=\"post\" id=\"mc-embedded-subscribe-form\" name=\"mc-embedded-subscribe-form\" class=\"validate\" target=\"_blank\">\n<div class=\"indicates-required\"><span class=\"asterisk\">*<\/span> ben\u00f6tigt<\/div>\n<div class=\"mc-field-group\">\n\t<label for=\"mce-EMAIL\">E-Mail-Adresse  <span class=\"asterisk\">*<\/span><br \/>\n<\/label><\/p>\n<p><input type=\"email\" value=\"\" name=\"EMAIL\" class=\"required email\" id=\"mce-EMAIL\">\n<\/div>\n<div class=\"mc-field-group\">\n\t<label for=\"mce-FNAME\">Vorname <\/label><\/p>\n<p><input type=\"text\" value=\"\" name=\"FNAME\" class=\"\" id=\"mce-FNAME\">\n<\/div>\n<div class=\"mc-field-group\">\n\t<label for=\"mce-LNAME\">Nachname <\/label><\/p>\n<p><input type=\"text\" value=\"\" name=\"LNAME\" class=\"\" id=\"mce-LNAME\">\n<\/div>\n<div id=\"mce-responses\" class=\"clear\">\n<div class=\"response\" id=\"mce-error-response\" style=\"display:none\"><\/div>\n<div class=\"response\" id=\"mce-success-response\" style=\"display:none\"><\/div>\n<\/p>\n<\/div>\n<div class=\"clear\">\n<input type=\"submit\" value=\"Anmelden\" name=\"subscribe\" id=\"mc-embedded-subscribe\" class=\"button\"><\/div>\n<\/form>\n<\/div>\n<p><script type=\"text\/javascript\">\nvar fnames = new Array();var ftypes = new Array();fnames[0]='EMAIL';ftypes[0]='email';fnames[1]='FNAME';ftypes[1]='text';fnames[2]='LNAME';ftypes[2]='text';\ntry {\n    var jqueryLoaded=jQuery;\n    jqueryLoaded=true;\n} catch(err) {\n    var jqueryLoaded=false;\n}\nvar head= document.getElementsByTagName('head')[0];\nif (!jqueryLoaded) {\n    var script = document.createElement('script');\n    script.type = 'text\/javascript';\n    script.src = 'http:\/\/ajax.googleapis.com\/ajax\/libs\/jquery\/1.4.4\/jquery.min.js';\n    head.appendChild(script);\n    if (script.readyState && script.onload!==null){\n        script.onreadystatechange= function () {\n              if (this.readyState == 'complete') mce_preload_check();\n        }    \n    }\n}\nvar script = document.createElement('script');\nscript.type = 'text\/javascript';\nscript.src = 'http:\/\/downloads.mailchimp.com\/js\/jquery.form-n-validate.js';\nhead.appendChild(script);\nvar err_style = '';\ntry{\n    err_style = mc_custom_error_style;\n} catch(e){\n    err_style = '#mc_embed_signup input.mce_inline_error{border-color:#6B0505;} #mc_embed_signup div.mce_inline_error{margin: 0 0 1em 0; padding: 5px 10px; background-color:#6B0505; font-weight: bold; z-index: 1; color:#fff;}';\n}\nvar head= document.getElementsByTagName('head')[0];\nvar style= document.createElement('style');\nstyle.type= 'text\/css';\nif (style.styleSheet) {\n  style.styleSheet.cssText = err_style;\n} else {\n  style.appendChild(document.createTextNode(err_style));\n}\nhead.appendChild(style);\nsetTimeout('mce_preload_check();', 250);<\/p>\n<p>var mce_preload_checks = 0;\nfunction mce_preload_check(){\n    if (mce_preload_checks>40) return;\n    mce_preload_checks++;\n    try {\n        var jqueryLoaded=jQuery;\n    } catch(err) {\n        setTimeout('mce_preload_check();', 250);\n        return;\n    }\n    try {\n        var validatorLoaded=jQuery(\"#fake-form\").validate({});\n    } catch(err) {\n        setTimeout('mce_preload_check();', 250);\n        return;\n    }\n    mce_init_form();\n}\nfunction mce_init_form(){\n    jQuery(document).ready( function($) {\n      var options = { errorClass: 'mce_inline_error', errorElement: 'div', onkeyup: function(){}, onfocusout:function(){}, onblur:function(){}  };\n      var mce_validator = $(\"#mc-embedded-subscribe-form\").validate(options);\n      $(\"#mc-embedded-subscribe-form\").unbind('submit');\/\/remove the validator so we can get into beforeSubmit on the ajaxform, which then calls the validator\n      options = { url: 'http:\/\/zukunft-mobilitaet.us2.list-manage.com\/subscribe\/post?u=26b9718bb0a89faea3fb262df&amp;id=b775a73256&c=?', type: 'GET', dataType: 'json', contentType: \"application\/json; charset=utf-8\",\n                    beforeSubmit: function(){\n                        $('#mce_tmp_error_msg').remove();\n                        $('.datefield','#mc_embed_signup').each(\n                            function(){\n                                var txt = 'filled';\n                                var fields = new Array();\n                                var i = 0;\n                                $(':text', this).each(\n                                    function(){\n                                        fields[i] = this;\n                                        i++;\n                                    });\n                                $(':hidden', this).each(\n                                    function(){\n                                        var bday = false;\n                                        if (fields.length == 2){\n                                            bday = true;\n                                            fields[2] = {'value':1970};\/\/trick birthdays into having years\n                                        }\n                                    \tif ( fields[0].value=='MM' && fields[1].value=='DD' && (fields[2].value=='YYYY' || (bday && fields[2].value==1970) ) ){\n                                    \t\tthis.value = '';\n\t\t\t\t\t\t\t\t\t    } else if ( fields[0].value=='' && fields[1].value=='' && (fields[2].value=='' || (bday && fields[2].value==1970) ) ){\n                                    \t\tthis.value = '';\n\t\t\t\t\t\t\t\t\t    } else {\n\t                                        this.value = fields[0].value+'\/'+fields[1].value+'\/'+fields[2].value;\n\t                                    }\n                                    });\n                            });\n                        return mce_validator.form();\n                    }, \n                    success: mce_success_cb\n                };\n      $('#mc-embedded-subscribe-form').ajaxForm(options);\n      \/*\n * Translated default messages for the jQuery validation plugin.\n * Locale: DE\n *\/\njQuery.extend(jQuery.validator.messages, {\n\trequired: \"Dieses Feld ist ein Pflichtfeld.\",\n\tmaxlength: jQuery.validator.format(\"Geben Sie bitte maximal {0} Zeichen ein.\"),\n\tminlength: jQuery.validator.format(\"Geben Sie bitte mindestens {0} Zeichen ein.\"),\n\trangelength: jQuery.validator.format(\"Geben Sie bitte mindestens {0} und maximal {1} Zeichen ein.\"),\n\temail: \"Geben Sie bitte eine g\u00fcltige E-Mail Adresse ein.\",\n\turl: \"Geben Sie bitte eine g\u00fcltige URL ein.\",\n\tdate: \"Bitte geben Sie ein g\u00fcltiges Datum ein.\",\n\tnumber: \"Geben Sie bitte eine Nummer ein.\",\n\tdigits: \"Geben Sie bitte nur Ziffern ein.\",\n\tequalTo: \"Bitte denselben Wert wiederholen.\",\n\trange: jQuery.validator.format(\"Geben Sie bitten einen Wert zwischen {0} und {1}.\"),\n\tmax: jQuery.validator.format(\"Geben Sie bitte einen Wert kleiner oder gleich {0} ein.\"),\n\tmin: jQuery.validator.format(\"Geben Sie bitte einen Wert gr\u00f6\u00dfer oder gleich {0} ein.\"),\n\tcreditcard: \"Geben Sie bitte ein g\u00fcltige Kreditkarten-Nummer ein.\"\n});<\/p>\n<p>    });\n}\nfunction mce_success_cb(resp){\n    $('#mce-success-response').hide();\n    $('#mce-error-response').hide();\n    if (resp.result==\"success\"){\n        $('#mce-'+resp.result+'-response').show();\n        $('#mce-'+resp.result+'-response').html(resp.msg);\n        $('#mc-embedded-subscribe-form').each(function(){\n            this.reset();\n    \t});\n    } else {\n        var index = -1;\n        var msg;\n        try {\n            var parts = resp.msg.split(' - ',2);\n            if (parts[1]==undefined){\n                msg = resp.msg;\n            } else {\n                i = parseInt(parts[0]);\n                if (i.toString() == parts[0]){\n                    index = parts[0];\n                    msg = parts[1];\n                } else {\n                    index = -1;\n                    msg = resp.msg;\n                }\n            }\n        } catch(e){\n            index = -1;\n            msg = resp.msg;\n        }\n        try{\n            if (index== -1){\n                $('#mce-'+resp.result+'-response').show();\n                $('#mce-'+resp.result+'-response').html(msg);            \n            } else {\n                err_id = 'mce_tmp_error_msg';\n                html = '<\/p>\n<div id=\"'+err_id+'\" style=\"'+err_style+'\"> '+msg+'<\/div>\n<p>';<\/p>\n<p>                var input_id = '#mc_embed_signup';\n                var f = $(input_id);\n                if (ftypes[index]=='address'){\n                    input_id = '#mce-'+fnames[index]+'-addr1';\n                    f = $(input_id).parent().parent().get(0);\n                } else if (ftypes[index]=='date'){\n                    input_id = '#mce-'+fnames[index]+'-month';\n                    f = $(input_id).parent().parent().get(0);\n                } else {\n                    input_id = '#mce-'+fnames[index];\n                    f = $().parent(input_id).get(0);\n                }\n                if (f){\n                    $(f).append(html);\n                    $(input_id).focus();\n                } else {\n                    $('#mce-'+resp.result+'-response').show();\n                    $('#mce-'+resp.result+'-response').html(msg);\n                }\n            }\n        } catch(e){\n            $('#mce-'+resp.result+'-response').show();\n            $('#mce-'+resp.result+'-response').html(msg);\n        }\n    }\n}<\/p>\n<p><\/script><\/p>\n<p>Bitte beachten Sie, dass Sie ihre E-Mail-Adresse erst best\u00e4tigen m\u00fcssen, bevor Sie den Newsletter erhalten.<\/p>\n<p>Nat\u00fcrlich k\u00f6nnen Sie den Newsletter auch jederzeit\u00a0<a title=\"Newsletter abbestellen\" href=\"http:\/\/zukunft-mobilitaet.us2.list-manage.com\/unsubscribe?u=26b9718bb0a89faea3fb262df&amp;id=1f83e93de1\" target=\"_blank\">abbestellen<\/a>. Einen Link dazu finden Sie an jedem Ende der verschickten Newsletter.<\/p>\n<p><strong>Die eMail-Adressen werden von uns nat\u00fcrlich vertraulich behandelt. Die eMail-Adresse wird nur f\u00fcr die Verwaltung des Newsletter-Verteilers und den Versand der einzelnen Newsletter verwendet.<\/strong><\/p>\n<p><strong>F\u00fcr die\u00a0Verwaltung des Newsletter-Verteilers und den Versand der einzelnen Newsletter nutzen wir MailChimp, einen Service von\u00a0The Rocket Science Group, LLC. Der Anbieter hat sich im Rahmen des \u201cSafe Harbor\u201d-Abkommens zwischen den USA und der EU dazu verpflichtet, ein den Bestimmungen der EU entsprechendes Datenschutzniveau einzuhalten. Einzelheiten finden Sie im Eintrag von\u00a0<a title=\"The Rocket Science Group, LLC auf der &quot;Safe Harbor List&quot; des Department of Commerce\" href=\"http:\/\/safeharbor.export.gov\/companyinfo.aspx?id=10039\" target=\"_blank\">The Rocket Science Group, LLC auf der \u201cSafe Harbor List\u201d des Department of Commerce<\/a>. Zus\u00e4tzlich wird die Einhaltung der gesetzlichen Bestimmungen zum Schutze personenbezogener Daten regelm\u00e4\u00dfig von\u00a0<a title=\"MailChimp TRUSTe Certificate Details\" href=\"http:\/\/clicktoverify.truste.com\/pvr.php?page=validate&amp;url=www.mailchimp.com&amp;sealid=101\" target=\"_blank\">TRUSTe \u00fcberpr\u00fcft und zertifiziert<\/a>.<\/strong><\/p>\n<p><strong>Mit dem Abonnement unseres Newsletters erkl\u00e4ren Sie sich mit einer \u00dcbermittlung Ihrer Daten in die USA und der Speicherung und Verarbeitung auf Servern von\u00a0The Rocket Science Group, LLC\u00a0einverstanden. Sie k\u00f6nnen auch freiwillig Ihren Vor- und Nachnamen angeben. Mit diesen personalisieren wir den Newsletter. Sollten Sie dies m\u00f6chten, werden ihr Vor- und Nachname ebenfalls bei Mailchimp gespeichert.\u00a0Zus\u00e4tzlich zur E-Mail-Adresse speichert Mailchimp auch die IP-Adresse, um sich gegen einen etwaigen Vorwurf unverlangt zugesendeter E-Mails wehren zu k\u00f6nnen.<\/strong><\/p>\n<p><strong>Sollten Sie den Newsletter nicht mehr empfangen wollen, k\u00f6nnen Sie sich einfach abmelden. Ihre Daten werden auch auf den Mailchimp-Servern gel\u00f6scht.<\/strong><\/p>\n<p><strong>Bitte lesen Sie dazu auch unsere\u00a0<a href=\"http:\/\/www.future-mobility-camp.de\/dresden13\/impressum\/<\/a>\u00a0und die <a title=\"Datenschutzhinweise Mailchimp\" href=\"http:\/\/www.mailchimp.com\/legal\/privacy\/\" target=\"_blank\">Datenschutzhinweise von Mailchimp<\/a>.<\/strong><\/p>\n","protected":false},"excerpt":{"rendered":"<p>Einmal anmelden und immer auf dem Laufenden bleiben! Sie erhalten Benachrichtigungen, wenn ein neues Future Mobility Camp geplant ist, die Anmeldung beginnt und andere wichtige Ereignisse stattfinden! * ben\u00f6tigt E-Mail-Adresse * Vorname Nachname Bitte beachten Sie, dass Sie ihre E-Mail-Adresse erst best\u00e4tigen m\u00fcssen, bevor Sie den Newsletter erhalten. Nat\u00fcrlich k\u00f6nnen Sie den Newsletter auch jederzeit\u00a0abbestellen. [&hellip;]<\/p>\n","protected":false},"author":1,"featured_media":0,"parent":2,"menu_order":0,"comment_status":"open","ping_status":"open","template":"","meta":{"footnotes":""},"class_list":["post-202","page","type-page","status-publish","hentry"],"_links":{"self":[{"href":"https:\/\/future-mobility-camp.de\/dresden13\/wp-json\/wp\/v2\/pages\/202","targetHints":{"allow":["GET"]}}],"collection":[{"href":"https:\/\/future-mobility-camp.de\/dresden13\/wp-json\/wp\/v2\/pages"}],"about":[{"href":"https:\/\/future-mobility-camp.de\/dresden13\/wp-json\/wp\/v2\/types\/page"}],"author":[{"embeddable":true,"href":"https:\/\/future-mobility-camp.de\/dresden13\/wp-json\/wp\/v2\/users\/1"}],"replies":[{"embeddable":true,"href":"https:\/\/future-mobility-camp.de\/dresden13\/wp-json\/wp\/v2\/comments?post=202"}],"version-history":[{"count":6,"href":"https:\/\/future-mobility-camp.de\/dresden13\/wp-json\/wp\/v2\/pages\/202\/revisions"}],"predecessor-version":[{"id":211,"href":"https:\/\/future-mobility-camp.de\/dresden13\/wp-json\/wp\/v2\/pages\/202\/revisions\/211"}],"up":[{"embeddable":true,"href":"https:\/\/future-mobility-camp.de\/dresden13\/wp-json\/wp\/v2\/pages\/2"}],"wp:attachment":[{"href":"https:\/\/future-mobility-camp.de\/dresden13\/wp-json\/wp\/v2\/media?parent=202"}],"curies":[{"name":"wp","href":"https:\/\/api.w.org\/{rel}","templated":true}]}}