{"id":66,"date":"2013-03-02T22:53:57","date_gmt":"2013-03-02T20:53:57","guid":{"rendered":"http:\/\/future-mobility-camp.de\/?page_id=66"},"modified":"2013-03-03T13:38:31","modified_gmt":"2013-03-03T11:38:31","slug":"sponsoren","status":"publish","type":"page","link":"https:\/\/future-mobility-camp.de\/dresden13\/sponsoren\/","title":{"rendered":"Sponsoren"},"content":{"rendered":"<p><span style=\"line-height: 13px;\">Wir danken den folgenden Unternehmen f\u00fcr ihr Sponsoring. Ohne diese Unternehmen w\u00e4re das Future Mobility Camp nicht m\u00f6glich gewesen!<\/span><\/p>\n<p><span style=\"text-decoration: underline;\">Future Mobility Camp 2013 in Dresden<\/span><\/p>\n<p><a title=\"Become a sponsor of FMC 2013 in Dresden! Now!\" href=\"http:\/\/www.future-mobility-camp.de\/dresden13\/sponsoren-gesucht\/\">Sie haben zurzeit noch die M\u00f6glichkeit Sponsor des FMC in Dresden zu werden<\/a>!<\/p>\n","protected":false},"excerpt":{"rendered":"<p>Wir danken den folgenden Unternehmen f\u00fcr ihr Sponsoring. Ohne diese Unternehmen w\u00e4re das Future Mobility Camp nicht m\u00f6glich gewesen! Future Mobility Camp 2013 in Dresden Sie haben zurzeit noch die M\u00f6glichkeit Sponsor des FMC in Dresden zu werden!<\/p>\n","protected":false},"author":1,"featured_media":0,"parent":0,"menu_order":0,"comment_status":"open","ping_status":"open","template":"","meta":{"footnotes":""},"class_list":["post-66","page","type-page","status-publish","hentry"],"_links":{"self":[{"href":"https:\/\/future-mobility-camp.de\/dresden13\/wp-json\/wp\/v2\/pages\/66","targetHints":{"allow":["GET"]}}],"collection":[{"href":"https:\/\/future-mobility-camp.de\/dresden13\/wp-json\/wp\/v2\/pages"}],"about":[{"href":"https:\/\/future-mobility-camp.de\/dresden13\/wp-json\/wp\/v2\/types\/page"}],"author":[{"embeddable":true,"href":"https:\/\/future-mobility-camp.de\/dresden13\/wp-json\/wp\/v2\/users\/1"}],"replies":[{"embeddable":true,"href":"https:\/\/future-mobility-camp.de\/dresden13\/wp-json\/wp\/v2\/comments?post=66"}],"version-history":[{"count":4,"href":"https:\/\/future-mobility-camp.de\/dresden13\/wp-json\/wp\/v2\/pages\/66\/revisions"}],"predecessor-version":[{"id":74,"href":"https:\/\/future-mobility-camp.de\/dresden13\/wp-json\/wp\/v2\/pages\/66\/revisions\/74"}],"wp:attachment":[{"href":"https:\/\/future-mobility-camp.de\/dresden13\/wp-json\/wp\/v2\/media?parent=66"}],"curies":[{"name":"wp","href":"https:\/\/api.w.org\/{rel}","templated":true}]}}